rime factors of z?
7, 47
Suppose -41 = 4*u - 3*s, u - 6*u - s = 37. Let r = 114 - 170. Let h = u - r. What are the prime factors of h?
2, 3
Suppose 103*p + 83513 = 126*p. List the prime factors of p.
3631
Let d = 19743 - -1448. List the prime factors of d.
21191
Let u = -226 - -222. Let m(y) = -194*y - 1. List the prime factors of m(u).
5, 31
Let i = 24049 - 10029. What are the prime factors of i?
2, 5, 701
Let m = -35894 + 83204. List the prime factors of m.
2, 3, 5, 19, 83
Suppose 0*o = o - 2. Suppose 0 = 5*v - 4*l + 18, 0 = -v + l - 2 - o. List the prime factors of (65 + 2)/1 - v.
3, 23
Let x(v) = 2*v + 12. Let n(s) = 2*s + 12. Let q(d) = 4*n(d) - 3*x(d). Let j be q(-2). Let h(z) = 3*z**2 + 2*z - 21. What are the prime factors of h(j)?
11, 17
Suppose -19 = 3*w + 2*a - 5, 5*w = -5*a - 30. Let d be w/(-14) + 720/105. List the prime factors of (2 - (-3 + d)) + 64.
2, 31
Suppose -19729 = -26*o + 43789. Suppose 5*k - 5*y + 143 = o, 3*k - 1396 = -5*y. What are the prime factors of k?
2, 3, 7, 11
Suppose -17*r = 1205 - 34491. What are the prime factors of r?
2, 11, 89
Suppose -l = -5*d + 4*d - 260, -3*d - 516 = -2*l. Suppose -2*o = 2*q - l, 2*q - 6 = 5*q. List the prime factors of o.
2, 67
Suppose -t + 5 = 0, -3*s - 3*t + 27 = -0*s. Suppose x = -2, z + 6*x - 200 = s*x. List the prime factors of z.
2, 3, 17
Let v be 0 + 4 + (-12)/(-3). Suppose 5*p = 4*t + v*p - 4782, 0 = 5*t - 4*p - 5962. List the prime factors of t.
2, 3, 199
Let b(v) = 29*v - 227. Let s be b(8). What are the prime factors of 0 + -86*105/(-6) + s?
2, 5, 151
Let y(o) = 41 - 8 - 3*o**2 - 4*o + o**3 - 18*o - 14. List the prime factors of y(10).
499
Suppose 0 = 3*v + v - 4*p - 67492, -5*v - 3*p = -84365. What are the prime factors of v?
47, 359
Let d = -2865 + 3947. What are the prime factors of d?
2, 541
Let q(r) = 2*r + 14. Let c be q(-6). Suppose 2*h = 2*m + 354, -c*h + 176 = -h - 2*m. What are the prime factors of h/9 - (-4)/18?
2, 5
Let z = 403 + -415. Let a(k) = -k**3 - 9*k**2 - 5*k - 3. List the prime factors of a(z).
3, 163
Let b(l) = -973*l**3 - 1. Let d be b(-1). Suppose -d + 15 = -3*y. List the prime factors of y.
11, 29
Let u(c) = -c**3 + 5*c**2 - 5*c - 1. Let a be u(3). Let x be (123/2)/(177/84 - a). Suppose 454 = 4*j - h, -j = 4*j + 2*h - x. List the prime factors of j.
2, 3, 19
Let r be 99/6*(-68)/3. Let y be -3 - ((2 - 7) + (-24)/(-6)). What are the prime factors of r/(-4)*1 - 1/y?
2, 47
Suppose -8*o - 5 - 11 = 0. List the prime factors of 421 + -4*o/8.
2, 211
Suppose -5*r + j = -47, 6*j - 36 = -3*r + 4*j. List the prime factors of 3 + (34 - r) + (1 - -1).
29
Suppose -12*b + 8*b + 4*y + 31476 = 0, -2*b + 3*y + 15733 = 0. What are the prime factors of b?
2, 31, 127
Suppose -45*q - 207 + 72 = 0. What are the prime factors of (57/(-76))/(q/2664)?
2, 3, 37
Let p(x) = -4*x**3 - 18*x**2 + 229*x + 311. List the prime factors of p(-26).
7, 7499
Let l(g) = -4203*g - 1153. List the prime factors of l(-22).
127, 719
Let r be 2/(-14) + 26610/21. Let x = -644 + r. Suppose -5*w = -4*y + x, -3*y + 3*w + 769 = 2*y. List the prime factors of y.
2, 19
Let y(b) = b**3 - 40*b**2 + 8*b + 694. List the prime factors of y(46).
2, 3, 2293
Let m = 1700 + -157. Let k = 2219 - m. What are the prime factors of k?
2, 13
Let b = -67035 - -126178. What are the prime factors of b?
7, 17, 71
Let m be ((-4)/5)/(-5*(-10)/375). Let x(j) = -j - 3. Let i be x(m). Suppose -198 = -i*d + 18. List the prime factors of d.
2, 3
Let a(r) = 7*r**2 + 2*r + 11. Let o be a(4). Suppose -15*d + 16*d = o. Suppose -269 = -0*m - 2*m + 3*z, -2*z = m - d. List the prime factors of m.
7, 19
Let g(b) = -b + 711 - 693 + 3*b + 6*b. Let v be g(-2). Suppose v*d - 858 = -9*d. List the prime factors of d.
2, 3, 13
Suppose -22*n = -105 - 159. Suppose -8118 = -n*g - 1398. List the prime factors of g.
2, 5, 7
Let f(v) = v**3 + 8*v**2 + 6*v - 5. Let y be f(-7). Let p be (8 - 4)/y + 15. Suppose -380 = -p*q + 12*q. What are the prime factors of q?
2, 19
Suppose -6*j - 116981 + 294733 = -177016. List the prime factors of j.
2, 19, 389
Suppose -5*o - 13*i + 8829 + 26320 = 0, -4*o - 2*i + 28094 = 0. List the prime factors of o.
2, 3511
Let s = -12299 + 46616. What are the prime factors of s?
3, 31, 41
Let g = 13159 + -6180. What are the prime factors of g?
7, 997
Let l(h) = -3171*h**3 + 5*h**2 - 10*h - 11. What are the prime factors of l(-1)?
5, 127
Let v(o) = o - 1. Let p be v(4). Suppose 2*c - 823 = -3*a, p*c + a - 1183 = 41. List the prime factors of c.
11, 37
Let k(s) be the third derivative of -217*s**6/120 - s**5/60 - s**4/8 - s**3/3 + 4*s**2 - 3*s. List the prime factors of k(-1).
7, 31
Let x(h) be the third derivative of h**5/60 - h**3/2 - 12*h**2. Let a be x(3). List the prime factors of (-8)/a - (-714)/9.
2, 3, 13
Let m = -191 - -653. Let f = m + -218. What are the prime factors of f?
2, 61
Suppose 4*s - 57*r = -55*r + 21272, 10644 = 2*s - 5*r. What are the prime factors of s?
13, 409
Let f(t) = 82*t - 270. Let w(n) = -2*n**2 + 33*n - 33. Let r be w(15). List the prime factors of f(r).
2, 3, 7, 17
Suppose 3*a + 3*v - 3 + 15 = 0, 0 = 4*a + v + 4. Suppose a = o + 72 - 1960. List the prime factors of -1 - (-2)/6 - o/(-24).
2, 3, 13
Let f be (0 + 1)/(-1 - -2)*0. Suppose f = -29*g + 27*g + 150. Suppose -3*n = -4*n + 5*b + g, -n + 51 = 3*b. List the prime factors of n.
2, 3, 5
Suppose -1526 = -5*i + d, 2*i - 660 = -2*d - 40. Suppose 3*y = 3*z + i, 0 = z + 5*y + 177 - 51. Let g = z - -235. What are the prime factors of g?
3, 43
Let k(z) = -23*z + 242. Let j be k(-52). Suppose 2*o - j = -0*h + 4*h, 2*h + 2145 = 3*o. List the prime factors of o.
23, 31
Let o(f) = 22*f**3 - 3*f**2 + 26*f - 137. List the prime factors of o(5).
2, 23, 29
Let w = -5686 - -10287. List the prime factors of w.
43, 107
Let k = 919 + 701. Let n = 2604 - k. List the prime factors of n.
2, 3, 41
Suppose v - 4*j = 17, 3*v + 4*j + 9 = -4. Let y be -4*4*v/(-1). What are the prime factors of ((-12)/y)/(3/(-312))?
2, 3, 13
Let m = 428 + -296. Suppose 5*n = n + 4*z + m, -5*z - 69 = -2*n. What are the prime factors of (n/48)/(2/78)?
2, 13
Let k be 38/3*3996/72. Let a = -377 + k. What are the prime factors of a?
2, 163
Suppose 743*q = 744*q + 4, -4*o + 37216 = q. What are the prime factors of o?
5, 1861
List the prime factors of 330592/28 + 3/21.
11807
What are the prime factors of 29522/4 + (16 - 8)/(-16)?
2, 3, 5, 41
Let c(k) = -25*k**2 - 15*k - 7. Let w be c(3). Let o = 202 - w. What are the prime factors of o?
479
Suppose -3*o - 8*r - 9 = -11*r, -4*r = 5*o - 30. Suppose -4*k + o*j - 1263 = -3645, -2994 = -5*k - 3*j. List the prime factors of k.
3, 199
Let a(o) = 2*o**2 - 3*o - 34. Suppose 2*v + 51 = -5*s, -5*v = -3*s + s - 3. What are the prime factors of a(s)?
5, 31
Suppose 58*z - 36 = 52*z. Suppose a = 2*d - 3 + 1, -2*d = -3*a + z. Suppose 0*r + r = 3*f - 638, f - d*r - 226 = 0. What are the prime factors of f?
211
Let c(s) = s**3 + 11*s**2 - s - 5. Let a be 1940/(-180) + (-2)/9. Let m be c(a). Suppose -t - 200 = -m*t - w, 3*w = -15. List the prime factors of t.
41
Let x = -382 + 541. Suppose 0 = -6*d - x + 4575. What are the prime factors of d?
2, 23
Let i = -615 - -988. Suppose -i = -4*n + 343. List the prime factors of n.
179
Let k = -109 - -115. Suppose -15*n + 13671 = k*n. List the prime factors of n.
3, 7, 31
Let p(i) be the third derivative of -11*i**6/12 - i**3/6 + 2*i**2. Let x be (-88 - -89)*(-3 - -2). List the prime factors of p(x).
109
Let c = -71 + 59. Let g = -35 + c. Let j = g - -146. What are the prime factors of j?
3, 11
List the prime factors of (1 - 0)/(11/211453) - (0 + 2).
3, 43, 149
Let h(w) = 106*w + 71. Let b be h(-7). Let l = b + 735. What are the prime factors of l?
2
Suppose 5*b - 101928 = 3*d, -4*b + 81498 = 7*d - 2*d. What are the prime factors of b?
2, 3, 43, 79
Let g be -6*(1/(-2))/1. Let m be ((-30)/135*-15)/(2/3). Suppose -m*r + 133 = g*p, 5*p + 2*r - r = 185. What are the prime factors of p?
2, 3
Let b(k) be the first derivative of 20*k**3/3 - 37*k**2/2 + 7*k + 24. Let x(p) be the first derivative of b(p). List the prime factors of x(5).
163
Suppose -4*m + 2*m = -300. Let z = -1757 - -1763. Suppose z*g + m = 7*g. What are the prime factors of g?
2, 3, 5
Suppose 0 = 4*g - 4*h - 34928, -2*g + 10506 + 6964 = -3*h. What are the prime 